 - 4*m**2 + 3*m - 1. Let a be t(-5). Let s = a + -7. List the prime factors of 8/s*(-27)/(-6).
2, 3
Suppose 0 = -3*c + 6*c. Let s = 4 - c. Suppose -o - 151 = -4*o + s*z, 3*o + 4*z - 119 = 0. List the prime factors of o.
3, 5
Suppose -7*f + 320 = -2*f. Suppose 0 = 6*r - 7*r + f. Suppose -2*a = -3*x + 13 + r, -a = 5*x - 111. What are the prime factors of x?
23
Suppose -43*l + 48*l = k + 13774, -4*l = 4*k - 11024. List the prime factors of l.
5, 19, 29
Suppose -3*j + 8*j = 3*m + 11085, j = -m + 2217. List the prime factors of j.
3, 739
Let w be (-3)/(-28)*20*4*7. Suppose 0 = -4*c + 16 - 4. What are the prime factors of w*c/((-45)/(-6))?
2, 3
Let b(y) = -17*y**2 - 1 - 20 + y**3 - 3*y - 4*y - 5*y. What are the prime factors of b(18)?
3, 29
Let x(p) = -p**2 + 18*p - 97. Let d be x(15). Let c be 99 + -2 + 2 + 0. Let s = d + c. What are the prime factors of s?
47
Let q(d) = d**2 + 165 - 152 + 12*d + 2*d**2 + 3*d**2. List the prime factors of q(-7).
223
Let q(i) = -i**3 - i**2 + 27*i + 131. List the prime factors of q(-9).
2, 67
Suppose -5*c = 30 - 105. Let k = -6 + c. Let t = k + 22. List the prime factors of t.
31
Suppose 209 = -u + 1068. List the prime factors of u.
859
Let n = -50 - -50. Suppose n = 2*v + x - 28, 3*x + 51 = v + 2*v. List the prime factors of v.
3, 5
Suppose -3*d + 4350 = -3*k, -4*d - 4*k = -9*k - 5798. List the prime factors of d.
2, 3, 11
Let n(p) = 3*p**2 + p - 190. List the prime factors of n(21).
2, 577
Let w(h) = -h**2 + 8*h + 4. Suppose n = -n - 20. Let l = -6 - n. What are the prime factors of w(l)?
2, 5
Let b(g) = g**3 - 7*g**2 + 5*g + 8. Let n be b(6). Suppose n*c + 300 = 7*c. What are the prime factors of c?
2, 3, 5
Let h be 2961/12 - 1/(-4). Suppose 3*y - 4*g = h, 2*y + 242 = 5*y - 5*g. What are the prime factors of y?
89
Let o be (-8)/6*21*-3. Let q be ((-28)/(-8))/(3/o). Let n = -38 + q. List the prime factors of n.
2, 3, 5
Let j be (5 + -4)*-3 - -49. Suppose 0 = 7*w - j - 1459. What are the prime factors of w?
5, 43
Let i = -18 + 20. Let y be (1/i)/((-2)/(-184)). Suppose 0 = 4*d - 194 + y. What are the prime factors of d?
37
Suppose o = i + 10270 - 17, 20 = -4*i. List the prime factors of (o/20)/3 - 1/(-5).
3, 19
Suppose 0 = -3*c + i + 14, -5 - 7 = -c + 4*i. Suppose -c*x + 6*x - 4*w - 50 = 0, x - 4*w = 23. List the prime factors of x.
3
Let w = 104 + 228. Suppose -4*l = 5*n - w, -n + 254 = 3*l + 4*n. What are the prime factors of l?
2, 3, 13
Let i(w) = 10*w + 5. Let o(y) = -y**3 - 4*y**2 + 2*y + 6. Let s be o(-4). Let z be i(s). What are the prime factors of (6/z)/(4/(-180))?
2, 3
Suppose 2*b + 2 = 4*t - 3*t, 2*b + 2 = 5*t. Suppose 6*g - 367 - 263 = t. What are the prime factors of g?
3, 5, 7
Suppose 0 = 4*b - 564 + 128. Let n = b + -13. Suppose 5*v = -5*t + 180, 7*t = 3*v + 4*t - n. What are the prime factors of v?
2, 17
Let c(u) = -62*u**3 - u**2 + u + 2. Suppose m = -3*m. Suppose -4*d - 2*f - 8 = m, -13 = 3*d + 2*d + 4*f. What are the prime factors of c(d)?
2, 31
Let j = -1222 + 2341. Let a = 644 - j. List the prime factors of (-16)/(-112) - a/7.
2, 17
Suppose 6*b = b + 20. Let c(x) = 2*x**3 - 13*x**2 + 19*x - 12. Let v be c(5). Suppose 0*a = b*y - 3*a - 156, 0 = 2*a + v. What are the prime factors of y?
2, 3
Suppose 12*j = 3*j + 3348. What are the prime factors of j?
2, 3, 31
Let s be 4/(-16) + (-2)/(-8). Suppose 4 = 2*y - s*y. What are the prime factors of 29/(2/4*y)?
29
Let h(z) = -19*z + 309. List the prime factors of h(-44).
5, 229
Let j = 8 + 87. List the prime factors of j.
5, 19
Suppose -2*w = 3*f + 163 - 2852, 5*w - 4*f - 6757 = 0. What are the prime factors of w?
19, 71
Suppose -9*w + 10370 = 8*w. List the prime factors of w.
2, 5, 61
Let u(c) = 2*c**2 + 19*c - 95. What are the prime factors of u(-29)?
2, 7, 37
Let d = -351 + 507. Suppose 732 = 8*b - d. What are the prime factors of b?
3, 37
Let s be 11 - -2 - (1 - -1)/(-1). List the prime factors of 2589/12 - s/20.
5, 43
Let r = 282 + 97. Suppose -7*u + 1189 = -r. What are the prime factors of u?
2, 7
Suppose 0*r + 2*r = 4. Suppose r*l + 2*l = 28. Suppose 12 = -3*p + l*p. List the prime factors of p.
3
What are the prime factors of (-9)/(-3)*(-30975)/(-45)?
5, 7, 59
Let a = 1368 + -140. What are the prime factors of a?
2, 307
Let k = 1859 + -1322. What are the prime factors of k?
3, 179
Let m(v) = 6*v - 31. Let i be m(6). List the prime factors of 121 + -3 - (i - 5).
2, 59
What are the prime factors of ((-2634)/(-4))/((-26)/(-52))?
3, 439
Let c = 212 + -119. What are the prime factors of c?
3, 31
Let x(r) = -r**3 - 11*r**2 - 19*r + 38. What are the prime factors of x(-12)?
2, 5, 41
Let h = 193 - -144. List the prime factors of h.
337
Suppose 0 = p - 2*p + 2*p. Let a(c) = c**2 - 5*c - 4. Let l be a(6). Let g = l - p. What are the prime factors of g?
2
Let y(a) = 1 + 11*a**2 + 4 - a + 20*a**2 - 1. List the prime factors of y(-2).
2, 5, 13
What are the prime factors of (90/(-75))/(6/(-1270))?
2, 127
Let i(d) = -42*d - 19. Let b be i(5). Let a = -94 - b. What are the prime factors of a?
3, 5
Suppose -4*f + 6*f - 22 = 0. Suppose -4*m - 70 = -f*m. List the prime factors of m.
2, 5
Suppose 4*j - 8 = 3*j. Let t = j - -2. Let a = -6 + t. What are the prime factors of a?
2
List the prime factors of (7 + 6585/(-25))*(-25)/10.
641
Suppose 5*n - 21 = 2*n - 3*v, 3*v = 3*n - 3. Suppose -5*i + 3*c - 39 = 0, -5*c + 13 - n = i. List the prime factors of i/(-4)*32/3.
2
Let k(f) = -67*f - 5. Let r be k(-2). Suppose w = 4*g - 0*g + 129, r = w - g. List the prime factors of w.
3, 43
Let b = 11 - -1. What are the prime factors of b/30 + 294/15?
2, 5
Let b = 1757 + -972. What are the prime factors of b?
5, 157
Let x(m) = m**2 + 4*m + 1. Let v be x(-7). Let n = v - 10. Let r(f) = f**3 - 13*f**2 + 11*f + 14. List the prime factors of r(n).
2
Let t(l) = 25*l**2 + 4*l + 195. What are the prime factors of t(10)?
5, 547
List the prime factors of (2 + (-48)/20)/((-7)/2240).
2
Suppose -347*g + 1806 = -340*g. What are the prime factors of g?
2, 3, 43
Let a(c) = c**3 - 18*c**2 - 23*c + 65. What are the prime factors of a(20)?
3, 5
Let y(h) = -3*h + 1. Let b be y(-1). Suppose -b*l - 271 = -w - 4*w, 4*w = -5*l + 225. Suppose -3*o - 4*j + 67 = -w, 46 = o - 4*j. List the prime factors of o.
2, 3, 7
Suppose -4*q - 7 = 5*w, 4*w + 0*w = 2*q - 16. Suppose -q*u = 4*k - k - 75, -125 = -5*k + 4*u. Suppose 0 = 3*s - 2*s - k. What are the prime factors of s?
5
Let m be (-1)/2 - 15/2. Suppose 2*g + 16 = 2*j, -2*j - 5*g + 40 = -g. What are the prime factors of 2*15 + j + m?
2, 17
List the prime factors of ((-28)/(-3))/(22 + -20)*39.
2, 7, 13
Let g(d) = d**2 - 9*d - 5. Let u be g(6). Let p = 26 + u. Suppose -2*y + 175 = p*y. What are the prime factors of y?
5, 7
Suppose -x = -3 + 2. Let g be (0 + 6)/48 - (-98)/(-16). List the prime factors of x*(-2)/g*21.
7
Suppose 2*n = 2*a + a - 25, -3 = -a - 2*n. Let k(b) = b**2 - 9*b - 2. Let x be k(a). Let m = -5 - x. What are the prime factors of m?
11
Let a = 70 - -42. Suppose -3*j - 10 = -a. Suppose i = -i + j. List the prime factors of i.
17
Suppose -4*y = 5*h + 4, 4*h - 2 = 3*y - y. Suppose -4*o - b - 9 - 6 = h, -2*o - 5 = b. Let s(p) = -3*p + 6. List the prime factors of s(o).
3, 7
Suppose 0 = 17*t + 1662 - 11267. What are the prime factors of t?
5, 113
Let i be ((-24)/(-20))/((-2)/5). Let f(g) = -4*g + 9. What are the prime factors of f(i)?
3, 7
Let v(q) = -q**3 + 8*q**2 - 2*q + 19. Let a be v(8). Suppose -534 = -3*t + 2*g, 5*g - 6 = a*g. What are the prime factors of t?
2, 3, 5
Let f be 1*((-27 - -2) + 0). Let r = f + 39. What are the prime factors of r?
2, 7
Let w be (-517)/(-4) + 16/(-64). Suppose 2*y = -3*c + 75, w = 4*y + 3*c - 18. What are the prime factors of y?
2, 3
Suppose 127 + 41 = -8*o. Let l be -6 + -4 + 2 + 0. Let k = l - o. List the prime factors of k.
13
Let x(g) = 2*g**2 + 5*g - 4. Let r(v) = -2 + 5*v**2 - 5*v - 4*v**2 - 5 + 3. Let k be r(5). What are the prime factors of x(k)?
2
Let i(j) = j**2 - 2*j. Let z be i(3). Suppose 2*r + 3*r - 41 = -2*d, z*d = 9. List the prime factors of r.
7
Let h be (2*4/(-16) - -1)*2. List the prime factors of (51*4)/4 - h.
2, 5
Suppose -5*z + 81*v + 5453 = 83*v, 0 = -2*z + v + 2174. List the prime factors of z.
3, 11
Let z(r) = 6 - 64*r - 117*r - 167*r. What are the prime factors of z(-1)?
2, 3, 59
Let d 